{"id":88,"date":"2018-12-30T01:19:04","date_gmt":"2018-12-30T03:19:04","guid":{"rendered":"http:\/\/wargodspress.com.br\/wargods\/?page_id=88"},"modified":"2022-10-05T21:36:30","modified_gmt":"2022-10-06T00:36:30","slug":"servicos","status":"publish","type":"page","link":"https:\/\/wargodspress.com.br\/wargods\/servicos\/","title":{"rendered":"Servi\u00e7os"},"content":{"rendered":"<p>Prestamos assessoria de imprensa para bandas, produtores de shows e demais atividades relacionadas ao meio Rock\/Heavy Metal.<\/p>\n<p>Na ativa desde 2006, a Wargods Press j\u00e1 trabalhou e trabalha com bandas brasileiras e estrangeiras. Nosso foco \u00e9 na divulga\u00e7\u00e3o direta nas redes sociais e parcerias com blogs\/revistas\/sites e r\u00e1dios especializados em Rock\/Metal.<\/p>\n<p>Al\u00e9m da divulga\u00e7\u00e3o em si, auxiliamos os clientes em rela\u00e7\u00e3o \u00e0 assuntos diversos, desde dicas para uma melhor imagem perante o p\u00fablico at\u00e9 a inser\u00e7\u00e3o de material nas plataformas digitais.<\/p>\n<p>Entre em contato para maiores informa\u00e7\u00f5es: wargodspress@gmail.com<\/p>\n","protected":false},"excerpt":{"rendered":"<p>Prestamos assessoria de imprensa para bandas, produtores de shows e demais atividades relacionadas ao meio Rock\/Heavy Metal. Na ativa desde<\/p>\n","protected":false},"author":1,"featured_media":0,"parent":0,"menu_order":0,"comment_status":"closed","ping_status":"closed","template":"","meta":{"footnotes":""},"class_list":["post-88","page","type-page","status-publish","hentry"],"yoast_head":"<!-- This site is optimized with the Yoast SEO plugin v19.7.1 - https:\/\/yoast.com\/wordpress\/plugins\/seo\/ -->\n<title>Servi\u00e7os - WARGODS PRESS - 2006 - 2026<\/title>\n<meta name=\"robots\" content=\"index, follow, max-snippet:-1, max-image-preview:large, max-video-preview:-1\" \/>\n<link rel=\"canonical\" href=\"http:\/\/wargodspress.com.br\/wargods\/servicos\/\" \/>\n<meta property=\"og:locale\" content=\"pt_BR\" \/>\n<meta property=\"og:type\" content=\"article\" \/>\n<meta property=\"og:title\" content=\"Servi\u00e7os - WARGODS PRESS - 2006 - 2026\" \/>\n<meta property=\"og:description\" content=\"Prestamos assessoria de imprensa para bandas, produtores de shows e demais atividades relacionadas ao meio Rock\/Heavy Metal. Na ativa desde\" \/>\n<meta property=\"og:url\" content=\"http:\/\/wargodspress.com.br\/wargods\/servicos\/\" \/>\n<meta property=\"og:site_name\" content=\"WARGODS PRESS - 2006 - 2026\" \/>\n<meta property=\"article:publisher\" content=\"https:\/\/www.facebook.com\/wargodspress\" \/>\n<meta property=\"article:modified_time\" content=\"2022-10-06T00:36:30+00:00\" \/>\n<meta property=\"og:image\" content=\"https:\/\/wargodspress.com.br\/wargods\/wp-content\/uploads\/2022\/09\/logo-fundo-preto.jpg\" \/>\n\t<meta property=\"og:image:width\" content=\"1186\" \/>\n\t<meta property=\"og:image:height\" content=\"760\" \/>\n\t<meta property=\"og:image:type\" content=\"image\/jpeg\" \/>\n<meta name=\"twitter:card\" content=\"summary_large_image\" \/>\n<meta name=\"twitter:site\" content=\"@wargodspress\" \/>\n<meta name=\"twitter:label1\" content=\"Est. tempo de leitura\" \/>\n\t<meta name=\"twitter:data1\" content=\"1 minuto\" \/>\n<script type=\"application\/ld+json\" class=\"yoast-schema-graph\">{\"@context\":\"https:\/\/schema.org\",\"@graph\":[{\"@type\":\"WebPage\",\"@id\":\"http:\/\/wargodspress.com.br\/wargods\/servicos\/\",\"url\":\"http:\/\/wargodspress.com.br\/wargods\/servicos\/\",\"name\":\"Servi\u00e7os - WARGODS PRESS - 2006 - 2026\",\"isPartOf\":{\"@id\":\"http:\/\/wargodspress.com.br\/wargods\/#website\"},\"datePublished\":\"2018-12-30T03:19:04+00:00\",\"dateModified\":\"2022-10-06T00:36:30+00:00\",\"breadcrumb\":{\"@id\":\"http:\/\/wargodspress.com.br\/wargods\/servicos\/#breadcrumb\"},\"inLanguage\":\"pt-BR\",\"potentialAction\":[{\"@type\":\"ReadAction\",\"target\":[\"http:\/\/wargodspress.com.br\/wargods\/servicos\/\"]}]},{\"@type\":\"BreadcrumbList\",\"@id\":\"http:\/\/wargodspress.com.br\/wargods\/servicos\/#breadcrumb\",\"itemListElement\":[{\"@type\":\"ListItem\",\"position\":1,\"name\":\"In\u00edcio\",\"item\":\"http:\/\/wargodspress.com.br\/wargods\/\"},{\"@type\":\"ListItem\",\"position\":2,\"name\":\"Servi\u00e7os\"}]},{\"@type\":\"WebSite\",\"@id\":\"http:\/\/wargodspress.com.br\/wargods\/#website\",\"url\":\"http:\/\/wargodspress.com.br\/wargods\/\",\"name\":\"WARGODS PRESS - 2006 - 2026\",\"description\":\"Assessoria e Conte\u00fados\",\"publisher\":{\"@id\":\"http:\/\/wargodspress.com.br\/wargods\/#organization\"},\"potentialAction\":[{\"@type\":\"SearchAction\",\"target\":{\"@type\":\"EntryPoint\",\"urlTemplate\":\"http:\/\/wargodspress.com.br\/wargods\/?s={search_term_string}\"},\"query-input\":\"required name=search_term_string\"}],\"inLanguage\":\"pt-BR\"},{\"@type\":\"Organization\",\"@id\":\"http:\/\/wargodspress.com.br\/wargods\/#organization\",\"name\":\"WARGODS PRESS - 2006 - 2026\",\"url\":\"http:\/\/wargodspress.com.br\/wargods\/\",\"sameAs\":[\"https:\/\/www.instagram.com\/wargodspress\/\",\"https:\/\/www.facebook.com\/wargodspress\",\"https:\/\/twitter.com\/wargodspress\"],\"logo\":{\"@type\":\"ImageObject\",\"inLanguage\":\"pt-BR\",\"@id\":\"http:\/\/wargodspress.com.br\/wargods\/#\/schema\/logo\/image\/\",\"url\":\"https:\/\/wargodspress.com.br\/wargods\/wp-content\/uploads\/2022\/09\/cropped-cropped-logo-novo-4-2.png\",\"contentUrl\":\"https:\/\/wargodspress.com.br\/wargods\/wp-content\/uploads\/2022\/09\/cropped-cropped-logo-novo-4-2.png\",\"width\":1719,\"height\":635,\"caption\":\"WARGODS PRESS - 2006 - 2026\"},\"image\":{\"@id\":\"http:\/\/wargodspress.com.br\/wargods\/#\/schema\/logo\/image\/\"}}]}<\/script>\n<!-- \/ Yoast SEO plugin. -->","yoast_head_json":{"title":"Servi\u00e7os - WARGODS PRESS - 2006 - 2026","robots":{"index":"index","follow":"follow","max-snippet":"max-snippet:-1","max-image-preview":"max-image-preview:large","max-video-preview":"max-video-preview:-1"},"canonical":"http:\/\/wargodspress.com.br\/wargods\/servicos\/","og_locale":"pt_BR","og_type":"article","og_title":"Servi\u00e7os - WARGODS PRESS - 2006 - 2026","og_description":"Prestamos assessoria de imprensa para bandas, produtores de shows e demais atividades relacionadas ao meio Rock\/Heavy Metal. Na ativa desde","og_url":"http:\/\/wargodspress.com.br\/wargods\/servicos\/","og_site_name":"WARGODS PRESS - 2006 - 2026","article_publisher":"https:\/\/www.facebook.com\/wargodspress","article_modified_time":"2022-10-06T00:36:30+00:00","og_image":[{"width":1186,"height":760,"url":"https:\/\/wargodspress.com.br\/wargods\/wp-content\/uploads\/2022\/09\/logo-fundo-preto.jpg","type":"image\/jpeg"}],"twitter_card":"summary_large_image","twitter_site":"@wargodspress","twitter_misc":{"Est. tempo de leitura":"1 minuto"},"schema":{"@context":"https:\/\/schema.org","@graph":[{"@type":"WebPage","@id":"http:\/\/wargodspress.com.br\/wargods\/servicos\/","url":"http:\/\/wargodspress.com.br\/wargods\/servicos\/","name":"Servi\u00e7os - WARGODS PRESS - 2006 - 2026","isPartOf":{"@id":"http:\/\/wargodspress.com.br\/wargods\/#website"},"datePublished":"2018-12-30T03:19:04+00:00","dateModified":"2022-10-06T00:36:30+00:00","breadcrumb":{"@id":"http:\/\/wargodspress.com.br\/wargods\/servicos\/#breadcrumb"},"inLanguage":"pt-BR","potentialAction":[{"@type":"ReadAction","target":["http:\/\/wargodspress.com.br\/wargods\/servicos\/"]}]},{"@type":"BreadcrumbList","@id":"http:\/\/wargodspress.com.br\/wargods\/servicos\/#breadcrumb","itemListElement":[{"@type":"ListItem","position":1,"name":"In\u00edcio","item":"http:\/\/wargodspress.com.br\/wargods\/"},{"@type":"ListItem","position":2,"name":"Servi\u00e7os"}]},{"@type":"WebSite","@id":"http:\/\/wargodspress.com.br\/wargods\/#website","url":"http:\/\/wargodspress.com.br\/wargods\/","name":"WARGODS PRESS - 2006 - 2026","description":"Assessoria e Conte\u00fados","publisher":{"@id":"http:\/\/wargodspress.com.br\/wargods\/#organization"},"potentialAction":[{"@type":"SearchAction","target":{"@type":"EntryPoint","urlTemplate":"http:\/\/wargodspress.com.br\/wargods\/?s={search_term_string}"},"query-input":"required name=search_term_string"}],"inLanguage":"pt-BR"},{"@type":"Organization","@id":"http:\/\/wargodspress.com.br\/wargods\/#organization","name":"WARGODS PRESS - 2006 - 2026","url":"http:\/\/wargodspress.com.br\/wargods\/","sameAs":["https:\/\/www.instagram.com\/wargodspress\/","https:\/\/www.facebook.com\/wargodspress","https:\/\/twitter.com\/wargodspress"],"logo":{"@type":"ImageObject","inLanguage":"pt-BR","@id":"http:\/\/wargodspress.com.br\/wargods\/#\/schema\/logo\/image\/","url":"https:\/\/wargodspress.com.br\/wargods\/wp-content\/uploads\/2022\/09\/cropped-cropped-logo-novo-4-2.png","contentUrl":"https:\/\/wargodspress.com.br\/wargods\/wp-content\/uploads\/2022\/09\/cropped-cropped-logo-novo-4-2.png","width":1719,"height":635,"caption":"WARGODS PRESS - 2006 - 2026"},"image":{"@id":"http:\/\/wargodspress.com.br\/wargods\/#\/schema\/logo\/image\/"}}]}},"_links":{"self":[{"href":"https:\/\/wargodspress.com.br\/wargods\/wp-json\/wp\/v2\/pages\/88","targetHints":{"allow":["GET"]}}],"collection":[{"href":"https:\/\/wargodspress.com.br\/wargods\/wp-json\/wp\/v2\/pages"}],"about":[{"href":"https:\/\/wargodspress.com.br\/wargods\/wp-json\/wp\/v2\/types\/page"}],"author":[{"embeddable":true,"href":"https:\/\/wargodspress.com.br\/wargods\/wp-json\/wp\/v2\/users\/1"}],"replies":[{"embeddable":true,"href":"https:\/\/wargodspress.com.br\/wargods\/wp-json\/wp\/v2\/comments?post=88"}],"version-history":[{"count":7,"href":"https:\/\/wargodspress.com.br\/wargods\/wp-json\/wp\/v2\/pages\/88\/revisions"}],"predecessor-version":[{"id":4268,"href":"https:\/\/wargodspress.com.br\/wargods\/wp-json\/wp\/v2\/pages\/88\/revisions\/4268"}],"wp:attachment":[{"href":"https:\/\/wargodspress.com.br\/wargods\/wp-json\/wp\/v2\/media?parent=88"}],"curies":[{"name":"wp","href":"https:\/\/api.w.org\/{rel}","templated":true}]}}